s digit of i?
1
Let l(o) = o + 7. Let u be l(-7). Suppose u = 4*z - 9 + 1. Suppose -z*m + 2 = -2*j, m + 29 = 6*m + 3*j. What is the units digit of m?
4
Suppose 7*v - 6*v - 5 = 0. Let d = 48 - v. What is the tens digit of d?
4
Suppose 5*n + 98 = 923. What is the hundreds digit of n?
1
Let b(l) = -l**2 + 9*l + 4. Let h be b(7). Suppose -a - 50 = 4*a. Let x = h + a. What is the units digit of x?
8
Let a be ((-24)/(-15))/((-4)/(-10)). Let r(u) = 4*u - 12. Let c(b) = 4*b - 13. Let s(m) = -6*c(m) + 7*r(m). What is the units digit of s(a)?
0
Suppose s - 2 = -2*o - 8, 0 = -5*o - 3*s - 15. Let h be -2 + (-2)/2 + o. What is the units digit of (2/h)/((-6)/18)?
1
Let d = 391 - 213. What is the units digit of d?
8
Suppose -4*x - 12 = 116. Let g = -17 - x. What is the tens digit of g?
1
Let r = -8 + 12. Let f = -5 + r. Let i(u) = -11*u + 1. What is the tens digit of i(f)?
1
Suppose 3*a + 7 + 8 = 0. Let h(m) = -m**3 - 5*m**2 - m - 7. Let w be h(a). Let f = w - -3. What is the units digit of f?
1
Let u be (3 - 0)*(-2 + 3). Let d be -163 + (0 - 2 - 0). What is the tens digit of ((-1)/u)/(5/d)?
1
Let y(p) = p**2 - 20*p - 57. What is the tens digit of y(31)?
8
Let r = 82 - 48. What is the tens digit of r?
3
Let q = 0 - -3. What is the tens digit of (q/(-6))/((-1)/24)?
1
What is the tens digit of 4*((-2)/10 - 1215/(-75))?
6
Suppose 0 = -2*o - 10, -4*o = 2*f - 2*o - 104. What is the tens digit of f?
5
Let g = 6 + -3. Suppose 2*c + g = 9. Let p = 10 - c. What is the units digit of p?
7
Let o be ((-4)/14)/((-6)/42). Suppose o = 2*i - 0*i. Suppose 5*a - 19 = i. What is the units digit of a?
4
Let h(a) = a**3 + 7*a**2 - 3*a - 3. What is the units digit of h(-7)?
8
Let j(f) = f**3 + 2*f**2 - 5*f - 2. What is the tens digit of j(3)?
2
Let y(j) = -3*j**3 + 2*j**2 - 4. Let x(t) = -5*t**3 + 3*t**2 - 6. Let m(z) = -5*x(z) + 8*y(z). Let l be m(2). Suppose 4*i - l = 42. What is the tens digit of i?
1
Let z(l) = -6*l**2 + 3*l + 5. Let r(w) = -w**2 + 1. Let s(o) = 5*r(o) - z(o). Let c be s(3). Suppose 3*u + 0*u - 24 = c. What is the units digit of u?
8
Let y(r) be the third derivative of -r**4/24 + 4*r**2. Let h be y(3). What is the tens digit of -1*16/3*h?
1
Suppose -3*x + 3 = -0*a - a, 0 = -4*x + 4*a + 4. Let s be -1 - x*2/(-2). Let y = 5 - s. What is the units digit of y?
5
Let c(p) = 4*p + 4. Let r be c(-13). Let s = -27 - r. What is the tens digit of s?
2
Let s(h) = -h**2 - 12*h - 11. Let o be (-2)/1*(-27)/(-6). What is the units digit of s(o)?
6
What is the tens digit of 2/3 - 181/(-3)?
6
Let z = -18 - -16. Let y = z - -11. What is the units digit of y?
9
Suppose 3*k + 2*t + 9 = -7, 0 = -k + 2*t + 8. Let a = -14 - k. Let i = a - -25. What is the tens digit of i?
1
Let j(i) = -i - 2. Suppose -4*l + 65 = 5. Let t be -2*(l/6)/1. What is the units digit of j(t)?
3
Let t(k) be the second derivative of k**5/15 + k**3/3 - k**2/2 + 3*k. Let b(j) be the first derivative of t(j). What is the tens digit of b(-2)?
1
Suppose -4*v = 2*r + 2*r, 3*v - r + 20 = 0. Let c = v + 36. What is the tens digit of c?
3
Suppose -3*m + 65 = 2*q - 51, q - 121 = -3*m. What is the tens digit of m?
4
Suppose -5*f - 2*q + 44 = 0, -4*f - q + 3*q + 46 = 0. Let l = f - 20. Let v = 23 + l. What is the units digit of v?
3
Suppose 0*j = 2*j - 4. Suppose 4*n - 4 + 10 = j*l, -n + 15 = 5*l. Suppose 4*o + 2*c + 2 = n, -4*o + o = -c - 11. What is the units digit of o?
2
Suppose 16 = 2*h - 52. What is the tens digit of h?
3
Let s = 11 - 8. Suppose 3*z = 3*n + 75, -s*n + 2 = 17. What is the units digit of z?
0
Let n = 3 - 1. Suppose n*d + 9 = 5*d. Suppose -d*v = -0*v - 9. What is the units digit of v?
3
What is the hundreds digit of (-9)/(3/(-17)*4/8)?
1
Let g(u) be the first derivative of 5*u**2/2 - u - 2. Let s(q) = q - 10. Let f be s(14). What is the tens digit of g(f)?
1
Suppose 0 = 4*f - s + 8 - 3, f = -5*s - 17. Let i = f - -12. What is the tens digit of i?
1
Let r = 96 - 58. What is the units digit of r?
8
Let s(d) = -3*d. Let a be s(-3). Let f = a - -35. Let c = -24 + f. What is the tens digit of c?
2
Suppose 12 = 3*l, -2*p + 5*l + 129 = 17. Let u = 2 - 8. What is the units digit of p/(-9)*u/4?
1
Suppose 6*o - o = 10. Suppose -w = o*w - 33. What is the units digit of w?
1
Let o(j) = j + 15. Let i(t) = t**2 - 5*t - 6. Let a be i(6). Let r be o(a). Suppose -r = 2*y - 37. What is the units digit of y?
1
What is the tens digit of 81 + (4/6)/(18/(-27))?
8
Suppose 0 = -k + 3 + 1. Suppose -3*c + 0*c - 48 = -k*l, 2*c = -4*l + 28. What is the units digit of l?
9
Suppose -b = 3, 0 = 3*h + 2*b + 3*b + 9. Suppose h*l + 78 = 4*l. What is the tens digit of l?
3
Let h(f) = f**3 + 11*f**2 + 5*f + 6. Let k be h(-10). Suppose -5*j + 0*b + b + k = 0, -2*j - 2*b = -20. What is the tens digit of j?
1
Suppose 3*c - 3*x = -15, -3*c + x - 18 = -x. Let m(d) = d + 11. Let y be m(c). Let g = 7 - y. What is the units digit of g?
4
Let p(r) = r**3 - 4*r**2 + 3*r + 3. Let j be (4/2)/2 - 0. Let b be j + 2 + -2 - -2. What is the units digit of p(b)?
3
Let y(n) = -n**2 - 12*n + 10. What is the tens digit of y(-9)?
3
Let z(u) = u - 3. Let b be z(3). Suppose -3*r + 21 = -b*r. What is the units digit of r?
7
Let s(h) = -4*h + 4. Let l be s(-3). What is the units digit of (4/l)/((-2)/(-8))?
1
Suppose 0 = 24*r - 27*r. Suppose -2*t = 3*t - 330. Suppose r*k = -l - k + 14, 5*l + k - t = 0. What is the units digit of l?
3
Let l = 6 + -2. What is the tens digit of (-1)/(-2) - (-62)/l?
1
Suppose -4*b = b - 360. What is the units digit of b/2 - 22/11?
4
Suppose 2*t = -6*t + 816. What is the units digit of t?
2
Let j(t) = t**2 - 4*t. Let l be j(5). Suppose 4*w - m = 59, 3*m + 0*m = -l*w + 61. What is the units digit of w?
4
Let w(a) = 125*a**3 - a**2 + 3*a - 2. What is the hundreds digit of w(1)?
1
Let s(a) = -a**3 - 11*a**2 - 7*a - 9. Let d be s(-7). Let w = d + 245. What is the units digit of w/13 - (-2)/13?
7
Let q be -3*4*6/9. Let i(b) be the first derivative of -b**2 - 9*b - 1. What is the units digit of i(q)?
7
What is the hundreds digit of 303 + (-2 - (2 + -9)) + -4?
3
Let c be (-1)/2 - (-1)/2. Suppose -4*g + d = -48, -5*g + c*g - d = -69. What is the tens digit of g?
1
Let v(z) = z + z**2 - 2*z**2 + 7 - 2*z. Let n be v(0). Let g = 3 + n. What is the units digit of g?
0
Let h(z) = -3*z**3 - 14*z**2 + 6*z + 1. What is the units digit of h(-6)?
9
Let g(r) = 2*r**3 - 2*r**2 - 3*r + 3. Let w be g(2). Let b be 13/(-2)*16/(-8). Suppose b - 38 = -w*o, p + 4 = 4*o. What is the units digit of p?
6
Suppose -7*n + 2*n = 5. Let y be (n + 2)*26/(-2). What is the units digit of -1 + 0 - (y + 2)?
0
Let g(o) = -o**2 + 14*o - 8. What is the units digit of g(5)?
7
Suppose k - 6 = 3*q, -2*q - 3 = -2*k + 1. Suppose -4*l + 5 + 11 = k. What is the units digit of l?
4
Let h be (-6)/8*(2 - -2). Let r(b) = 8*b**2 + 10*b + 1. Let u(i) = i**2 + i. Let o(q) = r(q) - 6*u(q). What is the units digit of o(h)?
7
Suppose -3*g - 4*t + 563 = 0, 3*t = -3*g + 837 - 276. What is the units digit of g?
5
Suppose 0*o - 18 = -2*o. Suppose -13*a = -o*a - 164. What is the tens digit of a?
4
Let n be 1 + -5 + (-158 - 2). What is the tens digit of (-16)/72 - n/9?
1
Suppose 64 = o + 21. What is the units digit of o?
3
Let s be (-15)/5 + 12*1. Suppose 4*u = 2*f - 28, 2*u + u = s. What is the units digit of f?
0
Suppose 0*x = 4*j + 5*x - 224, 4*j + 2*x = 212. What is the units digit of j?
1
Suppose -3*d = 3*k - 3, -4*d + k = 2*k - 10. Suppose 0*q - d = 3*q. What is the tens digit of (q - 0)/(2/(-28))?
1
Let y = 114 + -18. What is the units digit of y?
6
Let b = -19 - -22. Suppose -2*u = b*u - 105. What is the units digit of u?
1
What is the units digit of (2 - 6) + 154/2?
3
Suppose 0 = -0*m + 4*m + 5*g - 364, g = 0. What is the units digit of m?
1
Let u(h) = 2*h**2 - 4*h**2 - 4*h + 1 - 1. Let w be u(-3). Let i = -5 - w. What is the units digit of i?
1
Let u = -6 + 15. Suppose -3*v = 2*v + 15, 3*v = k - u. Suppose f + k*f = 21. What is the tens digit of f?
2
Let p = 63 + -28. What is the units digit of p?
5
Let b = 55 - 37. Let t = b + -10. What is the units digit of t?
8
Suppose -7*i + 10 = -2*i. Let c be 44/(-6) - i/3. Let j(n) = -n - 3. What is the units digit of j(c)?
5
Let m(x) = x**3 - 3*x**2 - 9*x + 6. What is the tens digit of m(7)?
3
Suppose 4*l - 5*c - 46 = 0, -6*c + 2*c = -5*l + 5